*y - 4*m. What is the remainder when y is divided by 460?
1
Calculate the remainder when 1938 is divided by (5 - -15*18/(-45))*-91.
27
Suppose 6*o - 811 = -4*n - 75, o - 123 = -n. What is the remainder when 331 is divided by o?
87
Let b be (20/(-3))/((-1)/3). Let w = 1838 - 1834. Suppose -w*d + 6*d - b = 0. Calculate the remainder when 29 is divided by d.
9
Let u = 34 + -37. Let o(k) = 5*k**2 - 8*k - 33. Calculate the remainder when o(u) is divided by 23.
13
Calculate the remainder when 223 is divided by (-1*(-7 + 6))/((-3)/(-57)).
14
Calculate the remainder when 12557 is divided by 126/35*560/48.
41
Suppose -4002 = -6*l - 3*l + 4*r, -1780 = -4*l + 2*r. What is the remainder when 1329 is divided by l?
3
Calculate the remainder when ((-20)/(-25) + 0)/(4/3460) + 1 is divided by 221.
30
Suppose -60*x + 43*x = -4556. Let b = x - 253. Calculate the remainder when 82 is divided by b.
7
Suppose -2*u + 207 = -k + 64, 0 = -2*k + 6. Let f = u + -5. Let j(l) = 2*l + 22. Calculate the remainder when f is divided by j(-4).
12
Let m(d) = -512*d + 184. What is the remainder when 2421 is divided by m(-2)?
5
Suppose 0 = c + 4*a - 181, 0 = 170*c - 173*c - 2*a + 503. Suppose 3*y - 126 = -5*i, 18 = 5*i - y - 100. What is the remainder when c is divided by i?
21
Suppose 100 = 2*w - 7*w. Suppose -3*o + 69 = -3*l, -6*l = 4*o - 3*l - 64. What is the remainder when (-4)/w - (-3016)/20 is divided by o?
18
Let b = 116 + -91. Suppose b*a - 1325 = -0*a. What is the remainder when 154 is divided by a?
48
Calculate the remainder when ((-161)/(-23) + 38*15)*1 is divided by 114.
7
Let b(m) = -m**3 - 24*m**2 - 44*m + 5. Let y be b(-22). Suppose -2*s + 33 = -5*q + 2*q, 0 = s + y*q - 10. Calculate the remainder when s is divided by 6.
3
Let w = -42 + 85. Calculate the remainder when 60 + 17 - (-1 + -3) is divided by w.
38
Suppose 0 = -3*o - 4*v + 188, 15*v - 25 = 10*v. Calculate the remainder when 388 is divided by o.
52
Let g(x) = -2*x**3 + 60*x**2 - 2*x + 140. What is the remainder when 145 is divided by g(30)?
65
Suppose -2*a = s + 11, a - 13 = -2*s + 4*a. Let p be (0 + (s - 9))/(-7 + 5). Suppose -69 = -p*w - 9. Calculate the remainder when w is divided by 5.
2
Let m = 13 - 0. Suppose 5*t = m*t - 8. Let j = 50 - 44. What is the remainder when j is divided by t?
0
Suppose 0*o = 2*w - 4*o - 204, 0 = -4*o - 12. Suppose 54 = a - 4*v - 0, -4*v - 12 = 2*a. What is the remainder when w is divided by a?
12
Let o(w) = 136*w + 639. What is the remainder when o(-4) is divided by 7?
4
Let u = -6015 - -6831. Calculate the remainder when u is divided by 46.
34
Let k = -602 - -646. What is the remainder when k is divided by (-34)/10*(-13 + 8)?
10
Let q(l) = 135*l**3 - 5*l**2 - 42*l + 47. What is the remainder when 806 is divided by q(1)?
131
Suppose 0 = -y + 424 - 421. Let h(u) = -u**2 + 14*u - 1. Let v = 1 - -8. What is the remainder when h(y) is divided by v?
5
Let f(t) = -70*t + 7. Let h = 2 + 0. What is the remainder when f(-1) is divided by h - 6*4/(-8)?
2
Suppose -6*v = 4*v - 410. Let u = v + -41. Suppose 15 = -5*q, -t = -u*q + 3*q - 63. Calculate the remainder when t is divided by 15.
12
Let r(j) = j**2 - 29*j - 137. Suppose 5*u = -4*h + 79, 5*h - 105 = 2*u - 7*u. What is the remainder when r(51) is divided by h?
23
Suppose 1682 = 2*k + 104. Suppose -3*v - 243 = 2*p - k, -2*p + 542 = v. Calculate the remainder when p is divided by 21.
18
Suppose -5*c + a = -37, 0 = -5*c + c + 2*a + 26. Suppose 0 = c*u - 166 + 22. What is the remainder when u is divided by 17?
1
Let t(r) = 10*r**2 - 2*r - 12. Let v(i) = i**3 + 4*i**2 - 5. Let h be v(-3). What is the remainder when t(h) is divided by 49?
42
Suppose -6 = -165*x + 168*x. Let m be -1*(-1 - (1 + -1)). Calculate the remainder when x/m - (-2 + 627)/(-5) is divided by 18.
15
Let f be (-8)/3*(-138)/8. Let z = f + 19. Calculate the remainder when z is divided by 25.
15
Suppose 198*r - 3875 = 283. Calculate the remainder when 4407 is divided by r.
18
Let f(k) = -k**2 - 49*k - 326. Calculate the remainder when 672 is divided by f(-40).
26
Calculate the remainder when -9 - (-5 + -3 - 1276) is divided by 160.
155
Suppose 3*p + 120 = 13*p. Suppose -4*n + 48 = 4*c, -14*n + 9*n = -3*c + p. Calculate the remainder when 31 is divided by c.
4
Let r = 23102 + -21689. What is the remainder when r is divided by 129?
123
Let j be ((-3)/(-9))/((-12)/(-2268)). What is the remainder when 3 - (j/42 + 1706/(-4)) is divided by 43?
41
Let v(r) = -11*r - 17. Let h be v(-2). Suppose -8*w = -3*w + 2*k - 59, 0 = -w + h*k + 1. What is the remainder when 20 is divided by w?
9
Let g(a) be the second derivative of -a**4/12 + 8*a**3/3 + 16*a**2 + 9*a. Let j(h) = -h**2 - 11*h + 4. What is the remainder when g(14) is divided by j(-7)?
28
Let h = 326 + -230. Let y = 14 - -27. Calculate the remainder when h is divided by y.
14
Suppose -3 = -3*u + 6. Suppose 4*n + 172 = 2*d + 44, n = u*d - 22. Calculate the remainder when 45 is divided by (0 + -8)/(17/n).
13
Let v = -2022 - -2052. What is the remainder when 165 is divided by v?
15
Let q = -46 + 229. Suppose -33 = -6*l + q. Calculate the remainder when 179 is divided by l.
35
Let u(p) = 548*p - 1168. Calculate the remainder when u(4) is divided by 129.
121
Suppose 9*o - 139 = 194. Calculate the remainder when 135 is divided by o.
24
Let f = -99 - -203. Suppose 18*r + 25*r = -78 - 3405. Let w = r + f. Calculate the remainder when 43 is divided by w.
20
Let a be 1*(-20)/(-15) - (-1061)/3. Suppose z + 72 = x, 5*x = 3*z + z + a. Calculate the remainder when x is divided by 23.
21
Let h = 301 - 554. Let a = 318 + h. Calculate the remainder when a is divided by 28.
9
Let d = -4190 - -4234. Suppose -33 - 3 = -2*j. What is the remainder when d is divided by j?
8
What is the remainder when 2150 is divided by 71 + (-1 - 2) - (-194 - -185)?
71
Suppose 0 = -3511*b + 3510*b + 27. Calculate the remainder when 443 is divided by b.
11
Let y(n) = -2*n**3 - 21*n**2 - 49*n + 42. Calculate the remainder when 233 is divided by y(-7).
23
Let h = 1890 + -1787. What is the remainder when 1028 is divided by h?
101
Suppose -18 = p - 4*p. Let f = -909 + 950. Calculate the remainder when f is divided by p.
5
Let a(w) = -212*w + 75065. What is the remainder when (41/3)/(1/3) is divided by a(354)?
7
Let t be ((-1)/1)/(7/4389). Let v = t - -676. Calculate the remainder when 149 is divided by v.
2
Let g = -5 - -43. Let p = 991 + -983. Suppose -3*z = i - 22, -4*i - 2*z + 56 - p = 0. What is the remainder when g is divided by i?
8
Calculate the remainder when 433 is divided by (-525)/2975 - 496/(-17).
27
Let d(o) = 9*o**2 - 248*o - 2254. What is the remainder when d(-9) is divided by 350?
7
Let v(l) = l + 947*l**2 - 946*l**2 - 2 + 1. Let n(i) = i**3 + 3*i + 33. Let o(j) = -n(j) - 6*v(j). What is the remainder when 52 is divided by o(-6)?
25
Suppose 41765 + 22411 = 14*r. Suppose r = 31*m - 7*m. Calculate the remainder when m is divided by 67.
57
Let p(f) = f**2 - 58*f - 642. Calculate the remainder when p(-10) is divided by 15.
8
What is the remainder when 96 is divided by (-47 - -49 - (-1 + 2)*-29)*3?
3
Let l be 7*30/70*62/(-3). Suppose -b - 7 + 0 = -2*m, -4*m + b = -9. Calculate the remainder when 113 is divided by ((l - -3) + m)*1/(-2).
26
Let s = 219 + -208. Suppose 0 = -s*f + 1139 + 8475. What is the remainder when f is divided by 12?
10
Let u = 58679 - 58653. Calculate the remainder when u is divided by 8 + (6 - 2) + -3.
8
Let a(p) = p**3 + 14*p**2 - 5*p - 63. Suppose 0 = 2*h - 0*h - 34. What is the remainder when h is divided by a(-14)?
3
Suppose 24 = 2*o - 4*w, -4*w = o + o + 8. Calculate the remainder when 19 is divided by (-6)/15 + (-185)/(-100)*o.
5
Let x be (-3 - (-18 + 7)) + 44. Suppose 0 = b - 3*f, -25*b - x = -29*b - f. Calculate the remainder when 286 is divided by b.
10
Suppose d = 5*b + 51, 4*d - 2*b + 4*b = 116. Let l = 54 - d. Suppose 3*o - 19 = l. What is the remainder when 55 is divided by o?
13
Let g(p) = p**2 - 16*p + 19. What is the remainder when g(-19) is divided by 23?
17
Let t = 6939 + -6895. Calculate the remainder when 62 is divided by t.
18
Let c = 261 + -224. Suppose -2*w - 65 = -o, -4*o - 31*w + 304 = -28*w. What is the remainder when o is divided by c?
36
Let q = -17 + 23. Suppose -10*a - q = -11*a. What is the remainder whe